 v(n) = 21*n**3 - 8*n**2 - 13. Let j(h) = -37*h**3 + 16*h**2 + 2*h + 26. Let g(b) = 4*j(b) + 7*v(b). Calculate g(l).
4
Let d(w) = -w**3 - 9*w**2 + 11*w + 11. Let v be d(-10). Let j be ((-12)/(-36))/(v/24). Suppose 3*t - j = 4*t. Let s(p) = -p**3 - 8*p**2 + 6. Determine s(t).
6
Let q(i) be the first derivative of i**5/4 + i**4/12 + i**3/6 + 2*i - 13. Let x(f) be the first derivative of q(f). Calculate x(-1).
-5
Suppose -5*c - 17*w = -19*w - 10, 5*c - 15 = w. Let j(r) = 2 + 0 - 1 + 2*r. Calculate j(c).
9
Let m(c) = 12*c**3 - 2*c - 1. Let p be 0/(-2) - (1 + 4 + 76). Let q = -82 - p. Determine m(q).
-11
Let r(m) = -124*m**3 + 6*m - 7*m**2 + 125*m**3 - 2*m. Calculate r(6).
-12
Suppose -46 + 1 = 9*n. Let x(r) = r**2 + 8*r + 3. Let o(k) = -k**2 - 8*k - 3. Let j(a) = 3*o(a) + 4*x(a). Determine j(n).
-12
Let s(h) be the first derivative of 1/2*h**2 + 2 + 2*h. What is s(2)?
4
Let l(i) = -i**3 + i**2 - i - 35. Let w be 6 - (96/(-8))/(-2). Calculate l(w).
-35
Let h(n) be the first derivative of -n**6/120 + 2*n**5/15 - 7*n**4/24 + 2*n**3/3 - 12*n**2 - 7. Let f(u) be the second derivative of h(u). Determine f(7).
4
Let k(q) be the second derivative of -11*q**6/360 - q**5/120 - 13*q**3/3 - 28*q. Let l(a) be the second derivative of k(a). Calculate l(-1).
-10
Let q = 0 - 6. Let l(n) = -n**2 + 23*n + 4. Let z be l(22). Let f(t) = -9 - z*t - 28*t + 52*t. Give f(q).
3
Suppose -1171 = 4*w - 1171. Let c(s) be the third derivative of -7*s**2 + 2*s**3 - 1/24*s**4 + w + 0*s. Give c(5).
7
Suppose g - 3*m = -m + 2, 3*g + 4*m - 46 = 0. Suppose -14 = -g*n - 4. Let p(k) = 4*k - 1. What is p(n)?
3
Let z = 2 + 2. Suppose 3*m - 12 = -3*i, 13 = 5*m + z*i - 4. Let u(f) = 6*f - 1. Calculate u(m).
5
Let k(r) = 25*r - 16. Let x(c) = -7*c + 5. Let u(n) = -2*k(n) - 7*x(n). What is u(3)?
-6
Let w be (-58)/261 - (-176)/(-18). Let t(z) = -2*z**2 - 22*z - 6. Determine t(w).
14
Let r(b) = -1 - 86*b**2 - 89*b**2 - 87*b**2 + 263*b**2 - 7*b. What is r(8)?
7
Suppose -96*h + 4*h = 368. Let n be ((-2 - -2)*-1)/1. Let r(p) = -4*p**2 + n*p**3 - 4 + 0*p**3 - p**3 - p. Calculate r(h).
0
Let x(j) = -j**3 + 6*j**2 - 6*j. Let f(n) be the first derivative of -n**2 - 8*n - 35. Let p be f(-6). What is x(p)?
8
Let x(v) = 16*v - 432. Let j be x(27). Let n(a) = 3*a - 26. Calculate n(j).
-26
Let s be 6 + 2 + 4/(-1). Suppose -5*q - 2*g + 32 = 0, 2*q = s*g + g + 7. Let o(c) = 2*c - 6. What is o(q)?
6
Let b(c) = 2*c**2 + c + 2. Let a(s) = 7*s**2 + 10*s + 3. Let j(y) = -a(y) + 5*b(y). Give j(3).
19
Let j(l) = l + 17. Let x = -359 + 345. Give j(x).
3
Let a(m) = -100*m + 1 + 51*m + 53*m - 2. Calculate a(-1).
-5
Let z(k) = -k**3 + 5*k**2 + 8*k + 5. Let g be z(6). Suppose 10 = 3*x + u, 3 = 5*x + 5*u - g. Let o(s) = s**3 - 2*s**2 - 2*s + 3. What is o(x)?
6
Let r be ((-18)/9)/(-2 - 0). Suppose 16*c - 17*c = -r. Let k(s) = 11*s**2 + 1. What is k(c)?
12
Let m(n) be the first derivative of n**2 - 3*n + 140. Calculate m(3).
3
Let h(b) = -b + 14. Let m be 2/10 - 351/(-45). Let a = 2 + m. What is h(a)?
4
Let z(n) = 2*n**2 - 9*n + 4. Let c(b) = -b + 1. Let k be c(-5). Determine z(k).
22
Let u(p) be the first derivative of 5*p**2 - p + 1. Let m = -24 + 21. Let o(n) = n**2 + 4*n + 2. Let a be o(m). Determine u(a).
-11
Let j(q) = q**3 + 11*q**2 - q**2 + 197 - 405 + 9*q + 195. Determine j(-9).
-13
Let o(r) = -2 + 7*r + 7*r - 6*r. Let s(b) = -b**2 + b. Let t(z) = 3*z**2 + 47. Let i(n) = 4*s(n) + t(n). Let l be i(9). Calculate o(l).
14
Let c(l) = -4*l**2 + 7*l + 9. Let b(u) = -3*u**2 + 6*u + 7. Let a(g) = -3*b(g) + 2*c(g). What is a(3)?
-6
Let c(k) = k**3 + 7*k**2 - 8*k + 3. Suppose 19 = 9*z + 91. Calculate c(z).
3
Let t = -168 - -161. Let o(q) = -13 - 23*q + 14*q - 2*q**2 + q**2. Let h(v) = -v**2 - 9*v - 14. Let k(w) = 5*h(w) - 6*o(w). What is k(t)?
-6
Let h = 49 - 47. Suppose 0 = -c + h*c - 2. Let y(s) = 8*s + 1. Let t(l) = -l. Let g(w) = -14*t(w) - 2*y(w). Determine g(c).
-6
Let z(h) = -222*h**2 + 7 + 6*h - 2 + 221*h**2. Give z(7).
-2
Let q(o) = 3*o**3 - 3*o**2 + 4*o - 2. Let a be q(1). Let v(n) = 7*n**3 + 5*n**3 - 12*n**3 - n**3 - 7*n**a + 4 - 6*n. What is v(-5)?
-16
Let d(y) = y**3 + 10*y**2 + 7*y - 13. Let k = -34 + 34. Suppose -2*q - x = -5*q - 25, k = 2*q + 3*x + 24. What is d(q)?
5
Let f(b) be the third derivative of -b**4/6 - 23*b**3/6 - 63*b**2. What is f(-6)?
1
Let h = -82 + 80. Let j be (17 + -16)/((-2)/(-4)*h). Let t(k) = 16*k**3 + 2*k**2 - 1. Determine t(j).
-15
Let t(k) = k**3 + 5*k**2 + 5*k - 1. Suppose 0 = 3*s + 4*q - 15, -q - 3*q = 0. Suppose -3*h + 4*h + 13 = 3*g, -4*h - s*g = 1. Determine t(h).
-5
Let z(i) = -i**3 + 6 + 9*i**2 + 0*i**2 - 3*i**2. What is z(6)?
6
Let s(x) = 3*x**3 + 2*x**2 + x. Suppose -n + 2*f - 6 = -0, 5*f = 10. Let z be -1*(2 + n + 1). What is s(z)?
-2
Let m(g) = -10*g**2 - 12*g - 5. Let a(n) = -20*n**2 - 27*n - 11. Let r(d) = 4*a(d) - 9*m(d). Calculate r(1).
11
Let m(j) = j**3 + 11*j**2 + j + 14. Let u be m(-11). Suppose o = -u*c - 2, 0*o = o - c - 6. Let n(p) = 3*p + 0 - o*p + 0. Determine n(-5).
5
Let g be (30/(-60))/((-2)/(-12)). Let b(i) = -3*i - 4. Calculate b(g).
5
Suppose w - 5*i = 11, -5*w + 4*i - 37 = 2*i. Let n = w + 13. Let c = 9 - n. Let s(u) = -2*u + 3. What is s(c)?
-7
Let p be (4/(-6))/1*84/8. Let w(z) = -z**3 - 6*z**2 + 7*z - 7. Calculate w(p).
-7
Let i(s) = s**3 - 7*s**2 - 8*s + 7. Let u = 2 + 4. Suppose -20 = -u*a + 40. Let k(v) = -v**3 + 9*v**2 + 11*v - 2. Let t be k(a). Calculate i(t).
7
Let o(a) = a + 4. Let l = -21 - -23. Suppose 5*y - 94 = l*y + 2*r, -4*y + 5*r = -137. Let d be (-8)/y - 4/(-14). What is o(d)?
4
Suppose 0 = -19*j - 180 - 29. Let p(f) = 16*f + 1. Let w(a) = -30*a - 2. Let d(x) = j*p(x) - 6*w(x). Calculate d(2).
9
Let t(n) = -5*n**2 - 10*n + 9. Let w be t(1). Let o(y) be the first derivative of -2*y**2 - 9*y + 2. Calculate o(w).
15
Suppose -5*i - 5*c = -2*i + 50, i = 2*c - 2. Let b be (6/5)/(2/i). Let p(h) = -h**3 - 7*h**2 - 6*h + 8. Determine p(b).
8
Suppose 88 - 68 = 5*t. Let r be (-14)/t*(1 + 1). Let u(v) = v + 4. What is u(r)?
-3
Let t(s) = 2*s - 8. Let v(x) = -x**3 - 8*x**2 - 10*x - 15. Let a = 14 + -21. Let y be v(a). Suppose -2*m + y*m = -24. What is t(m)?
-20
Let k(f) be the first derivative of -f**4/2 - 4*f**3/3 + f**2/2 - f - 1. Let p be 156/(-8) - 3/(-2). Let j be -3*(3 + 57/p)*-6. Give k(j).
14
Let o(j) = 5*j**2 - 3*j. Let y(h) = h**2 - h + 1. Let v(n) = -o(n) + 4*y(n). Let s = -38 + 57. Let m = s - 19. Calculate v(m).
4
Let c(h) = 2*h + 6. Let x be -4 + (6 - (-6 + 14)). Give c(x).
-6
Let g(s) = -s**3 - 5*s**2 - 6*s - 5. Suppose 5*c = 4*d - 12, 3*c = -0*c + d - 10. Let b be g(c). Let t(h) = -4 - 1 - 4*h - 4 + b + h**2. Determine t(6).
6
Let o(l) = -19*l**2 + 8. Let k(z) = 3*z**2 - 1. Let x(u) = 6*k(u) + o(u). Suppose 0 = -2*a + 4*a + 4. What is x(a)?
-2
Let h(w) be the first derivative of 9*w**2/2 - 50*w - 298. Give h(5).
-5
Let p(y) = -9*y**2 - y. Let q(n) be the second derivative of -n**3/6 + n**2/2 + 5*n. Suppose 4*j + j = 0. Let h be q(j). Determine p(h).
-10
Let y = 40 - 41. Let l be 3/(1/(y/1)). Let j(n) = n**3 + n**2 - 2*n + 2. Calculate j(l).
-10
Let k(s) = 4*s**3 - 14*s**2 + 8*s - 6. Let a(b) = 11*b**3 - 42*b**2 + 26*b - 17. Let v(f) = 3*a(f) - 8*k(f). Calculate v(13).
10
Let c(q) = q**3 - 4*q**2 + 61*q - 65*q - 3 + 3*q**2 + 7*q**2. Give c(-6).
21
Let f be (-1 + 1)/(-3) - 0. Let s(r) = -3 + 0 - r + f*r - 5. Suppose 0 = -2*b + 3*p, 2*p = 6*b - 2*b + 16. What is s(b)?
-2
Let w(v) = 4. Let j(b) = -b - 8. Let p(l) = -2*j(l) - 5*w(l). Let i(g) = -g**2 + 28*g + 25. Let z be i(29). What is p(z)?
-12
Suppose 3*k - 69 = -4*q, 0 = -k - 5*q - 4 + 38. Let d = -32 + k. Let c = 14 + d. Let a(o) = -15*o. Give a(c).
-15
Let b(q) = 3*q**2 + 2. Let k(f) = f**2 + 1. Let l(p) = -3*b(p) + 8*k(p). Let s(w) be the first derivative of l(w). Let d = -4 + 3. What is s(d)?
2
Let l(a) = 2*a - 3. Let n(d) = -6*d + 9. Suppose 5*o = -q + 30, -2*q = 2*o - 32 + 4. Suppose -t + 2 - q = 0. Let c(y) = t*l(y) - 3*n(y). Give c(-5).
-13
Let z(f) = 5*f**2 + 1. Suppose -c + 1 = 3*k, -11*k + 2*c = -6*k - 9. Calculate z(k).
6
Let d be -2*(-12)/(-8) + 22. Let v(s) = -12*s - d + 3*s + 18. What is v(-2)?
17
Suppose 9*u - 4*u + 25 = 0, c + 3*u = -13. Let b(d) = 5*d + 7*d**c + d**3 - 1 - 1 + 1. Let i be 6/(1 + 6/(-3 + 0)). Calculate b(i).
5
Let k(f) = -56*f**3 - 11*f**2 - 20